y = 18240 - 8172. What is the tens digit of y?
6
Suppose 119*r = 81*r - 16347 + 743895. What is the ten thousands digit of r?
1
Let j(r) = 6*r**2 - 4*r - 23. Let y be j(-6). Let k = y - 30. Suppose -2*p + k = 4*o + p, -3*o - 3*p = -138. What is the units digit of o?
9
Let q(g) = 0*g**2 + 0*g**2 - 29 - 11*g - g**2 + 8. Let w be q(-7). Suppose 0 = w*z - 8*z + 14. What is the tens digit of z?
1
Let k be (-69)/15 + 7 + 128/(-20). What is the hundreds digit of (-66)/k*-4*5/(-3)?
1
Let c(r) = 989*r**3 + 2*r**2 - 17*r + 29. What is the tens digit of c(2)?
1
Let g(m) = 45*m - 1615. Let p be g(35). Let y = 2 + 0. What is the units digit of y/10 - 2592/p?
5
Let l = -1276 + 655. Let p = 639 + l. What is the tens digit of p?
1
Suppose 0 = -5*w + 2*k + 263, k - 3*k = 5*w - 247. Suppose 11 = 10*h + 461. Let z = w + h. What is the units digit of z?
6
Suppose 20 = -149*d + 153*d. Let c(t) = -177*t - 1. Let r be c(1). What is the tens digit of 5/(d/3) - r?
8
Suppose 317560 = -14*q + 54*q. What is the thousands digit of q?
7
Let x(d) be the second derivative of d**4/3 + d**3 - d**2 - 11*d. Let a be x(-6). Suppose -4*p + 2*p + a = 0. What is the tens digit of p?
5
Let u be 1/((-3)/(-9)*-3). Let s be 0 + (4 + -2 - u). Suppose o + 2*o + s*l - 111 = 0, -o = -3*l - 41. What is the units digit of o?
8
Suppose -2*f = u + 1711, -1696 = 2*f - 0*f - 4*u. Let o = -395 - f. What is the units digit of o?
9
Suppose -169 = 2*r - 5*c + 37, r + c + 89 = 0. Let d(x) = x - 77. Let w be d(29). Let g = w - r. What is the units digit of g?
5
Let r be -8 + ((-42)/(-6) - -1). Suppose -k = -3*m - 496 - 596, r = 5*k + m - 5428. What is the tens digit of k?
8
Let z(u) = 5*u - 51. Let b be z(11). Suppose -3*y + 192 = 3*q, 240 = -q + 5*q - b*y. What is the units digit of (1 - q)*-1 + (-1 - 0)?
0
Suppose 29*g - 765 - 279 = 0. Suppose g*m - 21*m - 5895 = 0. What is the hundreds digit of m?
3
Let l be (-17 - -17) + 0/2. Suppose l = y - 11 + 3. Suppose -2*z - y = -3*z. What is the units digit of z?
8
Let q(m) = 420*m + 90. Let o(d) = -60*d - 13. Let l(z) = 15*o(z) + 2*q(z). Let i be ((-2410)/(-723))/(5/(-6)). What is the units digit of l(i)?
5
Let n be (-7)/28 - 1121/(-4). Let h = 340 - 335. Suppose o - h*s = 28 + 60, -4*o = 4*s - n. What is the tens digit of o?
7
Let b(q) = -845*q - 4806. What is the thousands digit of b(-17)?
9
Suppose -8 + 5 = -d. What is the units digit of (6/10)/d + 8637/15?
6
Let c(u) = -1 - 32*u**2 + 7*u - 2 + 30*u**2 + 11*u**3 + 8. What is the units digit of c(4)?
5
Let w(d) = 181*d**2 + d + 2. What is the units digit of w(5)?
2
Let n = 43920 + -19341. What is the tens digit of n?
7
Suppose 4 = -29*i + 31*i. Suppose i*s - 38 = -14. Suppose -5*g - 3*n = -801, 0 = -g + 3*n + 165 - s. What is the tens digit of g?
5
Suppose 4*x - 22 = -3*w, -8*x + 20 = -12*x. Suppose 4*d + 890 = w*d. What is the units digit of d?
9
Suppose j - 3*u + 543 = 21519, 83896 = 4*j - 4*u. What is the ten thousands digit of j?
2
Let v be 2 - (-3 + 4)/1. Let q be (-40)/10 + v/1. What is the units digit of q - (-3 - -3) - -9?
6
Let t(g) = 11*g - 21. Let v be t(3). Suppose -v = -12*a + 24. Suppose -a*r + 423 = -6*b + 3*b, 300 = 2*r + 4*b. What is the tens digit of r?
4
Let i be (-2320)/30*(-21)/(-14). Suppose 512 = 2*k + 2*m, -4*m = -3 - 5. Let d = i + k. What is the hundreds digit of d?
1
Suppose -19*z + 24*z - 50 = 0. Suppose 0 = -15*a + z*a + 6515. What is the tens digit of a?
0
What is the units digit of ((-170854)/(-6) - -2) + (-2)/(-6)*-2?
7
Let i(n) = -30*n**2 + 6*n + 179. Let v be i(-10). What is the hundreds digit of (12/(-18))/(2 - v/(-1440))?
9
Suppose -h + 43 = -2*c - 6, -92 = 4*c - 4*h. Let f be 8/32*-6 - c/4. Suppose 0 = 2*s - s + a - 199, f*s - 2*a = 1009. What is the hundreds digit of s?
2
Suppose 4*s = -3*j + 98 + 297, -3*j + 15 = 0. Let z be 7 - 2*7/7. Suppose -3*w - t = -538, -z*t + s - 1005 = -5*w. What is the tens digit of w?
8
Suppose 346 = -2*t - 2*s, -5*t + 2*s = -0*t + 865. Let c = -126 - t. What is the tens digit of c?
4
Let s(f) = 51*f**2 - 102*f - 40. What is the thousands digit of s(-14)?
1
What is the thousands digit of 1 + 6 + (7141 - 12)?
7
Let k = 7957 - -5549. What is the ten thousands digit of k?
1
Suppose 24 = 4*r, 42*r - 39*r = -y + 15512. What is the units digit of y?
4
Let o = 56 - 52. Suppose o*v - v = -4*c + 13, 0 = 3*v - c - 8. Suppose -3*r + j - v*j + 933 = 0, j = -4*r + 1239. What is the hundreds digit of r?
3
Let x(u) = -5*u**2 + 53*u**2 + 9*u**2 - 21 - 27*u + 41*u - 4. What is the tens digit of x(5)?
7
Suppose 3*j + 267 + 429 = 0. Let x be (2 - j) + 0 + 3. Let o = x + -152. What is the tens digit of o?
8
Let a(q) = -q**2 - 29*q - 160. Let j be a(-20). Let d(n) = 3*n**2 - 11*n - 72. What is the units digit of d(j)?
8
Let l(v) = 3100*v - 140. Let b be l(3). Suppose 5*u + 5*f - b = 0, 0 = 5*u - 5*f - 0*f - 9110. What is the tens digit of u?
2
Let h(s) = 4462*s**2 - 148*s - 455. What is the units digit of h(-3)?
7
Suppose 9588 = 6*y - 4*y + 2*n, -2*y - n + 9586 = 0. What is the thousands digit of y?
4
Let q = -361 + 353. What is the units digit of 138 - 6/(-48)*q?
7
Let n(d) = -d**2 - 4*d + 5. Let p = -2 + 4. Let u be n(p). Let a(h) = h**3 + 8*h**2 + 7*h + 7. What is the units digit of a(u)?
7
Let s(w) = 18*w**2 - 77*w + 1685. What is the ten thousands digit of s(45)?
3
Suppose -5*b - 4*o - 400 = 0, -2*b + 5*b - 5*o = -203. What is the tens digit of 17/4*(10 - 11)*b?
2
What is the units digit of 2/(-20) + (-1485810)/(-100)?
8
Let t(h) = h**3 + 12*h**2 - 8*h + 1. Let f(v) = -v**3 + v - 1. Let d be f(2). What is the tens digit of t(d)?
0
Suppose -13*r - 116 = 612. Let d = r + 60. Suppose 3*x + 3*q - 480 = -102, -d*q - 141 = -x. What is the hundreds digit of x?
1
Let i(w) be the second derivative of -7*w**3/3 + 30*w**2 + w + 1. What is the units digit of i(-16)?
4
Let r = -5461 - -7956. What is the hundreds digit of r?
4
Let a be ((-202)/(-8))/(10 - 1027/104). Suppose -11*l - a = -5779. What is the tens digit of l?
0
Let n(l) = -312*l + 160*l + l**2 + 154*l - 8. What is the tens digit of n(10)?
1
Let a(m) = -3*m**2 + m + 18. Let q be a(-5). Let w = q + 378. What is the units digit of w?
6
Suppose 2*b + 6*b = 24. Suppose 0 = 3*x - 6*x + 9, -b*x = -4*o + 1207. What is the units digit of o?
4
Let k(x) = x**3 + 7*x**2 + 2*x + 16. Let h be k(-7). Suppose -h*d + 4*d = 188. What is the tens digit of 2*(-4)/(-32) + d/8?
1
Suppose 41 = 4*o - m, 19*o - 16*o + 3*m - 27 = 0. Suppose 17*n - 5913 = -o*n. What is the hundreds digit of n?
2
Let a(t) = 258*t + 38. Let x be -2*100/(-72) - (-4)/18. What is the tens digit of a(x)?
1
What is the hundreds digit of -9 - (-35146 + -7) - 14?
1
Let h = 252 + -127. Suppose 4*k = j + 257, -2*k + 3*j = -4*k + h. Suppose 2*y + 276 = 4*m, -k = -m + 5*y - 4. What is the units digit of m?
0
Let d = -42 + 34. Let o be 4407/(-52)*d/3. Let g = o + -67. What is the hundreds digit of g?
1
Let n(g) be the third derivative of -55*g**4/24 + 137*g**3/6 - 15*g**2 + 5. What is the tens digit of n(-8)?
7
Let p = -22954 + 83050. What is the ten thousands digit of p?
6
Let f(p) = -4407*p + 117. What is the units digit of f(-1)?
4
Let i = 28731 - -15576. What is the thousands digit of i?
4
Let q be 1868/3*(18/4 + -3). Suppose -16*v + q + 778 = 0. What is the hundreds digit of v?
1
Let l(i) = 3*i - 16. Let p be l(7). Suppose -3*h + 394 = 2*r, 10*r = -h + p*r + 153. What is the units digit of h?
8
Suppose -3*w - 3*a + 3 = 0, -7*w + 2*w + 2*a - 30 = 0. Let c be 3/2 + 838/w. Let t = -19 - c. What is the units digit of t?
9
Let a = 19339 - 12631. What is the hundreds digit of a?
7
Let y(c) = c**3 - c**2 + 12*c + 14. Let o(j) = -j**2 - 13*j - 37. Let i be o(-10). Let q be y(i). Let u = q + 691. What is the units digit of u?
9
Let n = 1845 + -1171. Let p = -338 + n. What is the hundreds digit of p?
3
Let r be 342/57*(-8)/(-3). Suppose 6220 + 3428 = r*m. What is the tens digit of m?
0
Suppose -16*k - 4*k = -560. Suppose -k + 978 = 5*r. What is the tens digit of r?
9
Let g(k) be the first derivative of 11*k**3/3 + 3*k**2 - 8*k + 10. What is the tens digit of g(-5)?
3
Suppose 1540795 - 1401734 = -154*b + 2861935. What is the units digit of b?
1
Suppose 4*b + 3665 = -3*o, 0 = o + 3*b + 48 + 1177. Let k = -802 - o. What is the tens digit of k?
1
Suppose 3 = 2*x - 5*s